(t) = t**3 - 12*t**2 - 59*t + 265. What is g(15)?
55
Let z(t) = t**3 + 39*t**2 - 75*t + 223. What is z(-40)?
1623
Let o(a) = -546*a**2 - 321*a - 302. Calculate o(-1).
-527
Let c(n) = -69*n**2 - 2204*n + 177. What is c(-32)?
49
Let v(n) = -28*n + 743. What is v(73)?
-1301
Let h(m) = -m**3 + 1028*m**2 + 3562*m - 483531. Give h(1031).
8
Let u(s) = 5*s**2 + 156*s + 593. What is u(-27)?
26
Let g(y) = y**2 + 62832*y + 816649. Calculate g(-13).
2
Let x(z) = -z**3 + 108*z**2 - 1346*z - 395. Give x(15).
340
Let z(a) = -7*a**3 + 4*a**2 + 37*a - 38. Give z(2).
-4
Let d(n) = 10919*n + 98157. Give d(-9).
-114
Let j(c) = c**3 - 10*c**2 - 1662*c - 6435. Give j(-4).
-11
Let y(c) = 18*c**2 - 2161*c + 163. Calculate y(120).
43
Let t(z) = 23931*z + 3733236. Give t(-156).
0
Let r(v) = -2*v**3 - 39*v**2 + 437*v + 135. What is r(-28)?
1227
Let r(k) = 16266*k - 292790. What is r(18)?
-2
Let b(c) = 555*c + 42688. What is b(-77)?
-47
Let v(p) = 33083*p + 8800072. Give v(-266).
-6
Let q(x) = 1202*x + 86547. What is q(-72)?
3
Let q(l) = -117*l**2 - 36032*l + 871. Determine q(-308).
-361
Let v(i) = -8*i**2 - 690*i + 838. Give v(-88).
-394
Let k(j) = 202*j + 4265. Calculate k(-27).
-1189
Let d(w) = -3329*w + 21066. What is d(6)?
1092
Let j(o) = o**3 + 14463*o**2 - 1368357*o - 80. Determine j(94).
14
Let t(y) = -19*y + 3777. Give t(23).
3340
Let r(p) = 12704*p - 1727728. Determine r(136).
16
Let w(o) = 2*o**3 - 236*o**2 - 1979*o + 82. What is w(-8)?
-214
Let u(x) = 7693*x - 884704. Give u(115).
-9
Let m(t) = -5*t**3 - 27*t**2 - 317*t - 1528. Calculate m(-5).
7
Let r(i) = i**3 - 17*i**2 + 39*i - 221. Calculate r(7).
-438
Let u(v) = 15922*v + 302806. Give u(-19).
288
Let u(w) = w**2 - 25529*w + 357200. Determine u(14).
-10
Let o(k) = 7570*k - 83467. Determine o(11).
-197
Let h(t) = 10905*t + 250807. What is h(-23)?
-8
Let l(q) = -2421*q - 72639. Determine l(-30).
-9
Let x(d) = 2160*d**2 - 34553*d + 1. Determine x(16).
113
Let u(b) = 352934*b - 2117524. What is u(6)?
80
Let f(u) = 6466*u + 213377. Calculate f(-33).
-1
Let x(i) = 1745*i + 21405. Give x(-13).
-1280
Let l(j) = -1095*j - 4516. Determine l(-6).
2054
Let g(m) = -164204*m + 328451. Give g(2).
43
Let m(z) = -37*z**3 + 219*z**2 + 25*z - 13. Determine m(6).
29
Let f(l) = 25*l - 1475. Calculate f(-3).
-1550
Let q(y) = y**2 - 374*y - 9551. What is q(398)?
1
Let c(h) = -h**3 + 23*h**2 - 82*h - 72. What is c(6)?
48
Let w(m) = -m**2 - 1688*m + 28787. What is w(17)?
-198
Let x(s) = 1067*s - 1752. Calculate x(2).
382
Let s(d) = 124*d**2 - 1233*d + 6. What is s(10)?
76
Let s(m) = -m**3 - 308*m**2 - 18242*m - 1086. Calculate s(-228).
-630
Let t(a) = 46645*a - 17771746. Calculate t(381).
-1
Let j(h) = 385*h + 18121. Calculate j(-47).
26
Let w(z) = 3*z**2 + 80*z + 757. What is w(-13)?
224
Let t(s) = -1809*s + 1344081. Give t(743).
-6
Let t(k) = -2892*k + 152867. Calculate t(53).
-409
Let n(f) = -2800*f + 212800. Calculate n(76).
0
Let v(r) = -51*r - 4763. What is v(-78)?
-785
Let m(z) = 4*z**2 + 1594*z + 7899. Determine m(-5).
29
Let v(s) = -s**3 + 781*s**2 + 7181*s - 56179. What is v(790)?
-89
Let k(a) = -86797*a + 607585. Give k(7).
6
Let n(k) = k**3 - 161*k**2 + 3203*k - 1634. Determine n(138).
2368
Let h(y) = 124*y - 27019. Give h(218).
13
Let t(m) = 5*m**3 + 29*m**2 - 66*m - 644. Calculate t(-4).
-236
Let n(k) = 6734*k + 40392. Determine n(-6).
-12
Let z(d) = d**2 + 2365*d - 33330. What is z(14)?
-24
Let p(y) = 2*y**3 - 47*y**2 - 2958*y + 140. What is p(52)?
452
Let f(s) = s**3 - 181*s**2 + 173*s + 1358. Give f(180).
98
Let a(m) = 7*m**2 - 897*m + 11594. Give a(14).
408
Let z(l) = 19*l**2 - 170*l - 3095. Calculate z(18).
1
Let z(f) = -6032*f - 54344. What is z(-9)?
-56
Let x(m) = 2359*m - 384518. Determine x(163).
-1
Let g(z) = -14144*z - 183876. Give g(-13).
-4
Let r(n) = -3*n**3 - 51*n**2 + 107*n + 827. Give r(-18).
-127
Let v(k) = -11*k**2 + 66*k + 628. Determine v(-7).
-373
Let s(d) = 159783*d + 1917401. Determine s(-12).
5
Let r(f) = -f**2 + 625*f - 12994. Determine r(22).
272
Let b(n) = 3*n**3 + 16*n**2 - 55*n. Give b(4).
228
Let l(q) = q**3 - 30*q**2 - 45*q + 1002. Determine l(-6).
-24
Let o(f) = 2*f**3 + 86*f**2 - 17*f - 1693. What is o(-42)?
2549
Let y(a) = -13075*a + 1046006. Determine y(80).
6
Let x(l) = 8*l**3 + 800*l**2 + 37*l + 3712. What is x(-100)?
12
Let r(i) = 48958*i + 48907. Calculate r(-1).
-51
Let a(b) = 311*b - 4738. Give a(16).
238
Let r(x) = 6*x**3 + 792*x**2 - 4*x - 52. Calculate r(-132).
476
Let p(c) = c**3 - 904*c**2 + 23678*c + 43. Give p(27).
16
Let o(f) = -6496*f + 19501. Determine o(3).
13
Let r(p) = 2*p**3 - 1271*p**2 - 7678*p + 118. Determine r(-6).
-2
Let b(j) = j**3 - 104*j**2 - 434*j - 365. What is b(108)?
-581
Let s(h) = h**2 + 7826*h + 85981. Determine s(-11).
16
Let x(h) = -6*h**2 - 100*h - 344. What is x(-5)?
6
Let g(y) = -y**3 + 2*y**2 + 24*y - 228. What is g(11)?
-1053
Let o(g) = g**3 - 9*g**2 + 124*g - 1648. Give o(11).
-42
Let m(k) = k**2 + 177*k + 6956. Give m(-53).
384
Let l(g) = g**3 + 99*g**2 - 307*g - 193. Give l(-102).
-91
Let w(u) = 24513*u + 122564. What is w(-5)?
-1
Let m(t) = t**3 + 19*t**2 + 683*t + 15213. Calculate m(-21).
-12
Let r(f) = 2398*f + 52736. Give r(-22).
-20
Let k(b) = 35*b**2 + 38*b - 197. What is k(4)?
515
Let s(v) = 203*v**2 - 100*v - 276. Determine s(-3).
1851
Let d(w) = w**2 + 22*w - 15533. Calculate d(-136).
-29
Let a(o) = o**2 - 143*o - 41793. Calculate a(-147).
837
Let h(d) = 134*d**2 + 1476*d + 1478. What is h(-1)?
136
Let l(n) = -41601*n - 1123214. What is l(-27)?
13
Let v(o) = -788*o + 300977. Determine v(382).
-39
Let b(a) = -10924*a + 76589. Calculate b(7).
121
Let x(s) = -4*s**3 - 30*s**2 + 315*s + 2317. Determine x(-9).
-32
Let j(d) = -d**3 - 18*d**2 + 52*d - 899. What is j(-22)?
-107
Let h(x) = 3*x**3 - 49*x**2 + 346*x - 223. What is h(8)?
945
Let k(y) = 129*y + 672. Give k(-10).
-618
Let c(h) = -220*h + 10053. Give c(45).
153
Let v(t) = -3*t**3 + t**2 - 40*t - 5. Determine v(0).
-5
Let b(c) = 51*c - 4435. Give b(85).
-100
Let d(f) = -4517*f + 167208. Determine d(37).
79
Let z(g) = -16158*g + 323097. Calculate z(20).
-63
Let y(v) = 725*v + 46678. What is y(-62)?
1728
Let a(n) = -10*n + 2289. Calculate a(233).
-41
Let b(d) = -d**2 - 108*d + 921. Calculate b(8).
-7
Let v(n) = -5*n**2 + 3876*n + 27384. Determine v(-7).
7
Let s(f) = 6*f**3 - 151*f**2 - 14*f + 131. Calculate s(25).
-844
Let n(j) = 4*j**2 + 11*j - 19390. Determine n(-71).
-7
Let i(d) = d**3 - 284*d**2 - 47*d + 13429. What is i(284)?
81
Let m(f) = -50603*f + 404835. Determine m(8).
11
Let y(f) = -53697*f + 2523759. What is y(47)?
0
Let n(d) = -d**2 - 353*d + 28686. Calculate n(68).
58
Let o(m) = m**3 + 35*m**2 - 1351*m + 126. Give o(23).
-265
Let p(o) = -14*o**2 + 1761*o - 53994. Calculate p(53).
13
Let h(f) = -69*f - 12179. Calculate h(-175).
-104
Let o(z) = -8119*z - 6462728. What is o(-796)?
-4
Let o(r) = -225643*r + 2256410. Give o(10).
-20
Let r(o) = -o**3 + 129*o**2 - 730*o + 60447. What is r(127)?
-5
Let y(d) = -2*d**3 - 73*d**2 - 156*d - 203. Determine y(-35).
1582
Let x(g) = -g**3 + 38*g**2 - 176*g + 64. Give x(5).
9
Let q(y) = -2*y**3 - 148*y**2 - 23*y - 1696. Determine q(-74).
6
Let c(i) = 10362*i**2 - 600996*i. What is c(58)?
0
Let l(d) = -d**3 + 39*d**2 + 1703*d - 852. Calculate l(65).
-7
Let f(d) = -d**3 + 82*d**2 - 901*d + 81697. Determine f(83).
25
Let q(f) = -3*f**3 + 80*f**2 - 811*f + 4. Calculate q(9).
-3002
Let b(a) = 2966*a - 121631. Give b(41).
-25
Let u(p) = 1058*p - 3539. What is u(0)?
-3539
Let c(d) = -3243*d - 61462. Determine c(-19).
155
Let t(f) = 4*f**3 + f**2 - 16345*f - 32690. Calculate t(-2).
-28
Let y(u) = -626*u**2 + 3120*u - 12. Give y(5).
-62
Let s(j) = 2*j**3 + 51*j**2 + 264*j - 85. Calculate s(-16).
555
Let j(o) = o**2 - 106692*o - 3094925. Give j(-29).
-16
Let v(i) = 9734*i - 9733. Calculate v(1).
1
Let a(v) = -21507*v - 107532. Determine a(-5).
3
Let m(x) = 7*x**2 - 1125*x + 7162. Give m(154).
-76
Let z(r) = -r**2 + 277*r + 59615. Calculate z(419).
117
Let b(a) = -6*a**2 + 549*a + 147332. What is b(209)?
-13
Let m(h) = -26344*h + 210759. Determine m(8).
7
Let f(u) = 16*u**2 - 4996*u + 1540. What is f(312)?
292
Let l(k) = -43738*k + 86. Determine l(0).
86
Let x(g) = -849*g - 12093. Calculate x(-13).
-1056
Let n(p) = -15*p**2 - 2322*p + 13